{"id":294,"date":"2024-06-21T16:58:47","date_gmt":"2024-06-21T16:58:47","guid":{"rendered":"https:\/\/rehabilitemoscastellon.es\/?page_id=294"},"modified":"2024-07-03T12:52:42","modified_gmt":"2024-07-03T12:52:42","slug":"accesibilidad","status":"publish","type":"page","link":"https:\/\/rehabilitemoscastellon.es\/index.php\/accesibilidad\/","title":{"rendered":"Accesibilidad"},"content":{"rendered":"\n<p>El objetivo de la web de UTE Regeneraci\u00f3n Castell\u00f3 es que todos ciudadanos puedan navegar por las p\u00e1ginas de este portal sin encontrar dificultades de acceso. Todas las personas sean cual sea su edad, discapacidad, caracter\u00edsticas de su equipo&nbsp;<\/p>\n\n\n\n<p>UTE Regeneraci\u00f3n Castell\u00f3 se ha comprometido a hacer accesible su sitio web, de conformidad con el\u202f<a href=\"https:\/\/www.boe.es\/diario_boe\/txt.php?id=BOE-A-2018-12699\" target=\"_blank\" rel=\"noreferrer noopener\"><strong>Real Decreto 1112\/2018, de 7 de septiembre, sobre accesibilidad de los sitios web y aplicaciones para dispositivos m\u00f3viles del sector p\u00fablico<\/strong><\/a>.&nbsp;<\/p>\n\n\n\n<p>La presente declaraci\u00f3n de accesibilidad se aplica al\u202f<a href=\"https:\/\/rehabilitemoscastellon.es\/\" target=\"_blank\" rel=\"noreferrer noopener\">rehabilitemoscastellon.es<\/a>&nbsp;<\/p>\n\n\n\n<p><strong>SITUACI\u00d3N DE CUMPLIMIENTO<\/strong>&nbsp;<\/p>\n\n\n\n<p>Este sitio web es\u202f<strong>parcialmente\u202f<\/strong>conforme con el Real Decreto 1112\/2018, de 7 de septiembre, debido a las excepciones y falta de conformidad de los aspectos que se indican a continuaci\u00f3n.&nbsp;<\/p>\n\n\n\n<p><strong>CONTENIDO NO ACCESIBLE<\/strong>&nbsp;<\/p>\n\n\n\n<p>Estamos trabajando para que el portal alcance el m\u00e1ximo nivel de accesibilidad, pero algunos contenidos no son todav\u00eda plenamente accesibles por las razones que se recogen a continuaci\u00f3n.&nbsp;<\/p>\n\n\n\n<p><strong>A. Falta de conformidad con el Real Decreto 1112\/2018<\/strong>&nbsp;<\/p>\n\n\n\n<p>Debido al gestor de contenidos empleado en este portal pueden surgir errores en el etiquetado de enlaces y el procesamiento de las hojas CSS.&nbsp;<\/p>\n\n\n\n<p><strong>B. Carga desproporcionada<\/strong>&nbsp;<\/p>\n\n\n\n<p>No aplica.&nbsp;<\/p>\n\n\n\n<p><strong>C. El contenido no entra dentro del \u00e1mbito de la legislaci\u00f3n aplicable<\/strong>&nbsp;<\/p>\n\n\n\n<p>Los mapas de barrios y de laOficina la T\u00e9cnica de Gesti\u00f3n de Rehabilitaci\u00f3n de Barrios podr\u00edan no ser plenamente accesibles, pero se incluye junto a los mismos la informaci\u00f3n esencial de manera accesible.&nbsp;<\/p>\n\n\n\n<p><strong>OBSERVACIONES Y DATOS DE CONTACTO<\/strong>&nbsp;<\/p>\n\n\n\n<p>Puede realizar\u202f<strong>comunicaciones\u202f<\/strong>sobre requisitos de accesibilidad (art\u00edculo 10.2.a) del Real Decreto 1112\/2018, de 7 de septiembre) como, por ejemplo:&nbsp;<\/p>\n\n\n\n<ul class=\"wp-block-list\">\n<li>Informar sobre cualquier posible\u202f<strong>incumplimiento\u202f<\/strong>por parte de este sitio web.\u00a0<\/li>\n<\/ul>\n\n\n\n<ul class=\"wp-block-list\">\n<li>Transmitir otras\u202f<strong>dificultades de acceso<\/strong>\u202fal contenido.\u00a0<\/li>\n<\/ul>\n\n\n\n<ul class=\"wp-block-list\">\n<li>Formular cualquier otra\u202f<strong>consulta o sugerencia de mejora<\/strong>\u202frelativa a la accesibilidad del sitio web.\u00a0<\/li>\n<\/ul>\n\n\n\n<p>A trav\u00e9s de la siguiente v\u00eda:&nbsp;<\/p>\n\n\n\n<ul class=\"wp-block-list\">\n<li>Correo electr\u00f3nico: hola@rehabilitemoscastellon.es\u00a0<\/li>\n<\/ul>\n\n\n\n<p><strong>PROCEDIMIENTO DE APLICACI\u00d3N<\/strong>&nbsp;<\/p>\n\n\n\n<p>Si una vez realizada una solicitud de informaci\u00f3n accesible o queja, \u00e9sta hubiera sido desestimada, no se estuviera de acuerdo con la decisi\u00f3n adoptada, o la respuesta no cumpliera los requisitos contemplados en el art\u00edculo 12.5 del Real Decreto 1112\/2018, la persona interesada podr\u00e1 iniciar una reclamaci\u00f3n. Igualmente se podr\u00e1 iniciar una reclamaci\u00f3n en el caso de que haya trascurrido el plazo de veinte d\u00edas h\u00e1biles sin haber obtenido respuesta.&nbsp;<\/p>\n\n\n\n<p>La reclamaci\u00f3n puede ser presentada trav\u00e9s de este email: hola@rehabilitemoscastellon.es&nbsp;<\/p>\n\n\n\n<p>Las reclamaciones ser\u00e1n recibidas y tratadas por el Servicio de Informaci\u00f3n y Documentaci\u00f3n Administrativa.&nbsp;<\/p>\n\n\n\n<p><strong>ACCIONES DE MEJORA DE LA ACCESIBILIDAD<\/strong>&nbsp;<\/p>\n\n\n\n<p>UTE Regeneraci\u00f3n Castell\u00f3 quiere mejorar la accesibilidad del portal m\u00e1s all\u00e1 del nivel de exigido por el Real Decreto 1112\/2018, por ello se han dado los siguientes pasos:&nbsp;<\/p>\n\n\n\n<p><strong>1. Selecci\u00f3n de estilos visuales<\/strong>&nbsp;<\/p>\n\n\n\n<p>La programaci\u00f3n del portal se ha realizado utilizando hojas de estilo (CSS). Si el navegador o dispositivo de navegaci\u00f3n no soporta hojas de estilo, la p\u00e1gina web sigue siendo legible gracias a su marcaci\u00f3n estructural.&nbsp;<\/p>\n\n\n\n<p><strong>2. Visualizaci\u00f3n Responsive<\/strong>&nbsp;<\/p>\n\n\n\n<p>El portal ha sido dise\u00f1ado para su \u00f3ptima visualizaci\u00f3n en los dispositivos tablet y m\u00f3vil.&nbsp;<\/p>\n","protected":false},"excerpt":{"rendered":"<p>El objetivo de la web de UTE Regeneraci\u00f3n Castell\u00f3 es que todos ciudadanos puedan navegar por las p\u00e1ginas de este portal sin encontrar dificultades de acceso. Todas las personas sean cual sea su edad, discapacidad, caracter\u00edsticas de su equipo&nbsp; UTE Regeneraci\u00f3n Castell\u00f3 se ha comprometido a hacer accesible su sitio web, de conformidad con el\u202fReal [&hellip;]<\/p>\n","protected":false},"author":1,"featured_media":0,"parent":0,"menu_order":0,"comment_status":"closed","ping_status":"closed","template":"","meta":{"_et_pb_use_builder":"off","_et_pb_old_content":"","_et_gb_content_width":"1080","footnotes":""},"class_list":["post-294","page","type-page","status-publish","hentry"],"yoast_head":"<!-- This site is optimized with the Yoast SEO plugin v22.7 - https:\/\/yoast.com\/wordpress\/plugins\/seo\/ -->\n<title>Accesibilidad - Rehabilitemos Castell&oacute;n<\/title>\n<meta name=\"robots\" content=\"index, follow, max-snippet:-1, max-image-preview:large, max-video-preview:-1\" \/>\n<link rel=\"canonical\" href=\"https:\/\/rehabilitemoscastellon.es\/index.php\/accesibilidad\/\" \/>\n<meta property=\"og:locale\" content=\"es_ES\" \/>\n<meta property=\"og:type\" content=\"article\" \/>\n<meta property=\"og:title\" content=\"Accesibilidad - Rehabilitemos Castell&oacute;n\" \/>\n<meta property=\"og:description\" content=\"El objetivo de la web de UTE Regeneraci\u00f3n Castell\u00f3 es que todos ciudadanos puedan navegar por las p\u00e1ginas de este portal sin encontrar dificultades de acceso. Todas las personas sean cual sea su edad, discapacidad, caracter\u00edsticas de su equipo&nbsp; UTE Regeneraci\u00f3n Castell\u00f3 se ha comprometido a hacer accesible su sitio web, de conformidad con el\u202fReal [&hellip;]\" \/>\n<meta property=\"og:url\" content=\"https:\/\/rehabilitemoscastellon.es\/index.php\/accesibilidad\/\" \/>\n<meta property=\"og:site_name\" content=\"Rehabilitemos Castell&oacute;n\" \/>\n<meta property=\"article:modified_time\" content=\"2024-07-03T12:52:42+00:00\" \/>\n<meta name=\"twitter:card\" content=\"summary_large_image\" \/>\n<meta name=\"twitter:label1\" content=\"Tiempo de lectura\" \/>\n\t<meta name=\"twitter:data1\" content=\"3 minutos\" \/>\n<script type=\"application\/ld+json\" class=\"yoast-schema-graph\">{\"@context\":\"https:\/\/schema.org\",\"@graph\":[{\"@type\":\"WebPage\",\"@id\":\"https:\/\/rehabilitemoscastellon.es\/index.php\/accesibilidad\/\",\"url\":\"https:\/\/rehabilitemoscastellon.es\/index.php\/accesibilidad\/\",\"name\":\"Accesibilidad - Rehabilitemos Castell&oacute;n\",\"isPartOf\":{\"@id\":\"https:\/\/rehabilitemoscastellon.es\/#website\"},\"datePublished\":\"2024-06-21T16:58:47+00:00\",\"dateModified\":\"2024-07-03T12:52:42+00:00\",\"breadcrumb\":{\"@id\":\"https:\/\/rehabilitemoscastellon.es\/index.php\/accesibilidad\/#breadcrumb\"},\"inLanguage\":\"es\",\"potentialAction\":[{\"@type\":\"ReadAction\",\"target\":[\"https:\/\/rehabilitemoscastellon.es\/index.php\/accesibilidad\/\"]}]},{\"@type\":\"BreadcrumbList\",\"@id\":\"https:\/\/rehabilitemoscastellon.es\/index.php\/accesibilidad\/#breadcrumb\",\"itemListElement\":[{\"@type\":\"ListItem\",\"position\":1,\"name\":\"Portada\",\"item\":\"https:\/\/rehabilitemoscastellon.es\/\"},{\"@type\":\"ListItem\",\"position\":2,\"name\":\"Accesibilidad\"}]},{\"@type\":\"WebSite\",\"@id\":\"https:\/\/rehabilitemoscastellon.es\/#website\",\"url\":\"https:\/\/rehabilitemoscastellon.es\/\",\"name\":\"Rehabilitemos Castell\u00f3n\",\"description\":\"Mejoramos vivienda, edificios y barrios\",\"publisher\":{\"@id\":\"https:\/\/rehabilitemoscastellon.es\/#organization\"},\"potentialAction\":[{\"@type\":\"SearchAction\",\"target\":{\"@type\":\"EntryPoint\",\"urlTemplate\":\"https:\/\/rehabilitemoscastellon.es\/?s={search_term_string}\"},\"query-input\":\"required name=search_term_string\"}],\"inLanguage\":\"es\"},{\"@type\":\"Organization\",\"@id\":\"https:\/\/rehabilitemoscastellon.es\/#organization\",\"name\":\"Rehabilitemos Castell\u00f3n\",\"url\":\"https:\/\/rehabilitemoscastellon.es\/\",\"logo\":{\"@type\":\"ImageObject\",\"inLanguage\":\"es\",\"@id\":\"https:\/\/rehabilitemoscastellon.es\/#\/schema\/logo\/image\/\",\"url\":\"http:\/\/rehabilitemoscastellon.es\/wp-content\/uploads\/2024\/05\/logotipo_color.png\",\"contentUrl\":\"http:\/\/rehabilitemoscastellon.es\/wp-content\/uploads\/2024\/05\/logotipo_color.png\",\"width\":2730,\"height\":1174,\"caption\":\"Rehabilitemos Castell\u00f3n\"},\"image\":{\"@id\":\"https:\/\/rehabilitemoscastellon.es\/#\/schema\/logo\/image\/\"}}]}<\/script>\n<!-- \/ Yoast SEO plugin. -->","yoast_head_json":{"title":"Accesibilidad - Rehabilitemos Castell&oacute;n","robots":{"index":"index","follow":"follow","max-snippet":"max-snippet:-1","max-image-preview":"max-image-preview:large","max-video-preview":"max-video-preview:-1"},"canonical":"https:\/\/rehabilitemoscastellon.es\/index.php\/accesibilidad\/","og_locale":"es_ES","og_type":"article","og_title":"Accesibilidad - Rehabilitemos Castell&oacute;n","og_description":"El objetivo de la web de UTE Regeneraci\u00f3n Castell\u00f3 es que todos ciudadanos puedan navegar por las p\u00e1ginas de este portal sin encontrar dificultades de acceso. Todas las personas sean cual sea su edad, discapacidad, caracter\u00edsticas de su equipo&nbsp; UTE Regeneraci\u00f3n Castell\u00f3 se ha comprometido a hacer accesible su sitio web, de conformidad con el\u202fReal [&hellip;]","og_url":"https:\/\/rehabilitemoscastellon.es\/index.php\/accesibilidad\/","og_site_name":"Rehabilitemos Castell&oacute;n","article_modified_time":"2024-07-03T12:52:42+00:00","twitter_card":"summary_large_image","twitter_misc":{"Tiempo de lectura":"3 minutos"},"schema":{"@context":"https:\/\/schema.org","@graph":[{"@type":"WebPage","@id":"https:\/\/rehabilitemoscastellon.es\/index.php\/accesibilidad\/","url":"https:\/\/rehabilitemoscastellon.es\/index.php\/accesibilidad\/","name":"Accesibilidad - Rehabilitemos Castell&oacute;n","isPartOf":{"@id":"https:\/\/rehabilitemoscastellon.es\/#website"},"datePublished":"2024-06-21T16:58:47+00:00","dateModified":"2024-07-03T12:52:42+00:00","breadcrumb":{"@id":"https:\/\/rehabilitemoscastellon.es\/index.php\/accesibilidad\/#breadcrumb"},"inLanguage":"es","potentialAction":[{"@type":"ReadAction","target":["https:\/\/rehabilitemoscastellon.es\/index.php\/accesibilidad\/"]}]},{"@type":"BreadcrumbList","@id":"https:\/\/rehabilitemoscastellon.es\/index.php\/accesibilidad\/#breadcrumb","itemListElement":[{"@type":"ListItem","position":1,"name":"Portada","item":"https:\/\/rehabilitemoscastellon.es\/"},{"@type":"ListItem","position":2,"name":"Accesibilidad"}]},{"@type":"WebSite","@id":"https:\/\/rehabilitemoscastellon.es\/#website","url":"https:\/\/rehabilitemoscastellon.es\/","name":"Rehabilitemos Castell\u00f3n","description":"Mejoramos vivienda, edificios y barrios","publisher":{"@id":"https:\/\/rehabilitemoscastellon.es\/#organization"},"potentialAction":[{"@type":"SearchAction","target":{"@type":"EntryPoint","urlTemplate":"https:\/\/rehabilitemoscastellon.es\/?s={search_term_string}"},"query-input":"required name=search_term_string"}],"inLanguage":"es"},{"@type":"Organization","@id":"https:\/\/rehabilitemoscastellon.es\/#organization","name":"Rehabilitemos Castell\u00f3n","url":"https:\/\/rehabilitemoscastellon.es\/","logo":{"@type":"ImageObject","inLanguage":"es","@id":"https:\/\/rehabilitemoscastellon.es\/#\/schema\/logo\/image\/","url":"http:\/\/rehabilitemoscastellon.es\/wp-content\/uploads\/2024\/05\/logotipo_color.png","contentUrl":"http:\/\/rehabilitemoscastellon.es\/wp-content\/uploads\/2024\/05\/logotipo_color.png","width":2730,"height":1174,"caption":"Rehabilitemos Castell\u00f3n"},"image":{"@id":"https:\/\/rehabilitemoscastellon.es\/#\/schema\/logo\/image\/"}}]}},"_links":{"self":[{"href":"https:\/\/rehabilitemoscastellon.es\/index.php\/wp-json\/wp\/v2\/pages\/294","targetHints":{"allow":["GET"]}}],"collection":[{"href":"https:\/\/rehabilitemoscastellon.es\/index.php\/wp-json\/wp\/v2\/pages"}],"about":[{"href":"https:\/\/rehabilitemoscastellon.es\/index.php\/wp-json\/wp\/v2\/types\/page"}],"author":[{"embeddable":true,"href":"https:\/\/rehabilitemoscastellon.es\/index.php\/wp-json\/wp\/v2\/users\/1"}],"replies":[{"embeddable":true,"href":"https:\/\/rehabilitemoscastellon.es\/index.php\/wp-json\/wp\/v2\/comments?post=294"}],"version-history":[{"count":2,"href":"https:\/\/rehabilitemoscastellon.es\/index.php\/wp-json\/wp\/v2\/pages\/294\/revisions"}],"predecessor-version":[{"id":318,"href":"https:\/\/rehabilitemoscastellon.es\/index.php\/wp-json\/wp\/v2\/pages\/294\/revisions\/318"}],"wp:attachment":[{"href":"https:\/\/rehabilitemoscastellon.es\/index.php\/wp-json\/wp\/v2\/media?parent=294"}],"curies":[{"name":"wp","href":"https:\/\/api.w.org\/{rel}","templated":true}]}}

<p>El objetivo de la web de UTE Regeneración Castelló es que todos ciudadanos puedan navegar por las páginas de este portal sin encontrar dificultades de acceso. Todas las personas sean cual sea su edad, discapacidad, características de su equipo&nbsp;</p>



<p>UTE Regeneración Castelló se ha comprometido a hacer accesible su sitio web, de conformidad con el <a href="https://www.boe.es/diario_boe/txt.php?id=BOE-A-2018-12699" target="_blank" rel="noreferrer noopener"><strong>Real Decreto 1112/2018, de 7 de septiembre, sobre accesibilidad de los sitios web y aplicaciones para dispositivos móviles del sector público</strong></a>.&nbsp;</p>



<p>La presente declaración de accesibilidad se aplica al <a href="https://rehabilitemoscastellon.es/" target="_blank" rel="noreferrer noopener">rehabilitemoscastellon.es</a>&nbsp;</p>



<p><strong>SITUACIÓN DE CUMPLIMIENTO</strong>&nbsp;</p>



<p>Este sitio web es <strong>parcialmente </strong>conforme con el Real Decreto 1112/2018, de 7 de septiembre, debido a las excepciones y falta de conformidad de los aspectos que se indican a continuación.&nbsp;</p>



<p><strong>CONTENIDO NO ACCESIBLE</strong>&nbsp;</p>



<p>Estamos trabajando para que el portal alcance el máximo nivel de accesibilidad, pero algunos contenidos no son todavía plenamente accesibles por las razones que se recogen a continuación.&nbsp;</p>



<p><strong>A. Falta de conformidad con el Real Decreto 1112/2018</strong>&nbsp;</p>



<p>Debido al gestor de contenidos empleado en este portal pueden surgir errores en el etiquetado de enlaces y el procesamiento de las hojas CSS.&nbsp;</p>



<p><strong>B. Carga desproporcionada</strong>&nbsp;</p>



<p>No aplica.&nbsp;</p>



<p><strong>C. El contenido no entra dentro del ámbito de la legislación aplicable</strong>&nbsp;</p>



<p>Los mapas de barrios y de laOficina la Técnica de Gestión de Rehabilitación de Barrios podrían no ser plenamente accesibles, pero se incluye junto a los mismos la información esencial de manera accesible.&nbsp;</p>



<p><strong>OBSERVACIONES Y DATOS DE CONTACTO</strong>&nbsp;</p>



<p>Puede realizar <strong>comunicaciones </strong>sobre requisitos de accesibilidad (artículo 10.2.a) del Real Decreto 1112/2018, de 7 de septiembre) como, por ejemplo:&nbsp;</p>



<ul class="wp-block-list">
<li>Informar sobre cualquier posible <strong>incumplimiento </strong>por parte de este sitio web. </li>
</ul>



<ul class="wp-block-list">
<li>Transmitir otras <strong>dificultades de acceso</strong> al contenido. </li>
</ul>



<ul class="wp-block-list">
<li>Formular cualquier otra <strong>consulta o sugerencia de mejora</strong> relativa a la accesibilidad del sitio web. </li>
</ul>



<p>A través de la siguiente vía:&nbsp;</p>



<ul class="wp-block-list">
<li>Correo electrónico: hola@rehabilitemoscastellon.es </li>
</ul>



<p><strong>PROCEDIMIENTO DE APLICACIÓN</strong>&nbsp;</p>



<p>Si una vez realizada una solicitud de información accesible o queja, ésta hubiera sido desestimada, no se estuviera de acuerdo con la decisión adoptada, o la respuesta no cumpliera los requisitos contemplados en el artículo 12.5 del Real Decreto 1112/2018, la persona interesada podrá iniciar una reclamación. Igualmente se podrá iniciar una reclamación en el caso de que haya trascurrido el plazo de veinte días hábiles sin haber obtenido respuesta.&nbsp;</p>



<p>La reclamación puede ser presentada través de este email: hola@rehabilitemoscastellon.es&nbsp;</p>



<p>Las reclamaciones serán recibidas y tratadas por el Servicio de Información y Documentación Administrativa.&nbsp;</p>



<p><strong>ACCIONES DE MEJORA DE LA ACCESIBILIDAD</strong>&nbsp;</p>



<p>UTE Regeneración Castelló quiere mejorar la accesibilidad del portal más allá del nivel de exigido por el Real Decreto 1112/2018, por ello se han dado los siguientes pasos:&nbsp;</p>



<p><strong>1. Selección de estilos visuales</strong>&nbsp;</p>



<p>La programación del portal se ha realizado utilizando hojas de estilo (CSS). Si el navegador o dispositivo de navegación no soporta hojas de estilo, la página web sigue siendo legible gracias a su marcación estructural.&nbsp;</p>



<p><strong>2. Visualización Responsive</strong>&nbsp;</p>



<p>El portal ha sido diseñado para su óptima visualización en los dispositivos tablet y móvil.&nbsp;</p>

<p>El objetivo de la web de UTE Regeneración Castelló es que todos ciudadanos puedan navegar por las páginas de este portal sin encontrar dificultades de acceso. Todas las personas sean cual sea su edad, discapacidad, características de su equipo&nbsp; UTE Regeneración Castelló se ha comprometido a hacer accesible su sitio web, de conformidad con el Real [&hellip;]</p>

<!-- This site is optimized with the Yoast SEO plugin v22.7 - https://yoast.com/wordpress/plugins/seo/ -->
<title>Accesibilidad - Rehabilitemos Castell&oacute;n</title>
<meta name="robots" content="index, follow, max-snippet:-1, max-image-preview:large, max-video-preview:-1" />
<link rel="canonical" href="https://rehabilitemoscastellon.es/index.php/accesibilidad/" />
<meta property="og:locale" content="es_ES" />
<meta property="og:type" content="article" />
<meta property="og:title" content="Accesibilidad - Rehabilitemos Castell&oacute;n" />
<meta property="og:description" content="El objetivo de la web de UTE Regeneración Castelló es que todos ciudadanos puedan navegar por las páginas de este portal sin encontrar dificultades de acceso. Todas las personas sean cual sea su edad, discapacidad, características de su equipo&nbsp; UTE Regeneración Castelló se ha comprometido a hacer accesible su sitio web, de conformidad con el Real [&hellip;]" />
<meta property="og:url" content="https://rehabilitemoscastellon.es/index.php/accesibilidad/" />
<meta property="og:site_name" content="Rehabilitemos Castell&oacute;n" />
<meta property="article:modified_time" content="2024-07-03T12:52:42+00:00" />
<meta name="twitter:card" content="summary_large_image" />
<meta name="twitter:label1" content="Tiempo de lectura" />
	<meta name="twitter:data1" content="3 minutos" />
<script type="application/ld+json" class="yoast-schema-graph">{"@context":"https://schema.org","@graph":[{"@type":"WebPage","@id":"https://rehabilitemoscastellon.es/index.php/accesibilidad/","url":"https://rehabilitemoscastellon.es/index.php/accesibilidad/","name":"Accesibilidad - Rehabilitemos Castell&oacute;n","isPartOf":{"@id":"https://rehabilitemoscastellon.es/#website"},"datePublished":"2024-06-21T16:58:47+00:00","dateModified":"2024-07-03T12:52:42+00:00","breadcrumb":{"@id":"https://rehabilitemoscastellon.es/index.php/accesibilidad/#breadcrumb"},"inLanguage":"es","potentialAction":[{"@type":"ReadAction","target":["https://rehabilitemoscastellon.es/index.php/accesibilidad/"]}]},{"@type":"BreadcrumbList","@id":"https://rehabilitemoscastellon.es/index.php/accesibilidad/#breadcrumb","itemListElement":[{"@type":"ListItem","position":1,"name":"Portada","item":"https://rehabilitemoscastellon.es/"},{"@type":"ListItem","position":2,"name":"Accesibilidad"}]},{"@type":"WebSite","@id":"https://rehabilitemoscastellon.es/#website","url":"https://rehabilitemoscastellon.es/","name":"Rehabilitemos Castellón","description":"Mejoramos vivienda, edificios y barrios","publisher":{"@id":"https://rehabilitemoscastellon.es/#organization"},"potentialAction":[{"@type":"SearchAction","target":{"@type":"EntryPoint","urlTemplate":"https://rehabilitemoscastellon.es/?s={search_term_string}"},"query-input":"required name=search_term_string"}],"inLanguage":"es"},{"@type":"Organization","@id":"https://rehabilitemoscastellon.es/#organization","name":"Rehabilitemos Castellón","url":"https://rehabilitemoscastellon.es/","logo":{"@type":"ImageObject","inLanguage":"es","@id":"https://rehabilitemoscastellon.es/#/schema/logo/image/","url":"http://rehabilitemoscastellon.es/wp-content/uploads/2024/05/logotipo_color.png","contentUrl":"http://rehabilitemoscastellon.es/wp-content/uploads/2024/05/logotipo_color.png","width":2730,"height":1174,"caption":"Rehabilitemos Castellón"},"image":{"@id":"https://rehabilitemoscastellon.es/#/schema/logo/image/"}}]}</script>
<!-- / Yoast SEO plugin. -->

El objetivo de la web de UTE Regeneración Castelló es que todos ciudadanos puedan navegar por las páginas de este portal sin encontrar dificultades de acceso. Todas las personas sean cual sea su edad, discapacidad, características de su equipo&nbsp; UTE Regeneración Castelló se ha comprometido a hacer accesible su sitio web, de conformidad con el Real [&hellip;]

Rehabilitemos Castellón
