{"version":"1.0","provider_name":"Rehabilitemos Castell&oacute;n","provider_url":"https:\/\/rehabilitemoscastellon.es","author_name":"Mireia","author_url":"https:\/\/rehabilitemoscastellon.es\/index.php\/author\/mireia\/","title":"\u00a1Presentamos el proyecto! - Rehabilitemos Castell&oacute;n","type":"rich","width":600,"height":338,"html":"<blockquote class=\"wp-embedded-content\" data-secret=\"QIMFzI6NVV\"><a href=\"https:\/\/rehabilitemoscastellon.es\/index.php\/2024\/06\/24\/presentamos-el-proyecto\/\">\u00a1Presentamos el proyecto!<\/a><\/blockquote><iframe sandbox=\"allow-scripts\" security=\"restricted\" src=\"https:\/\/rehabilitemoscastellon.es\/index.php\/2024\/06\/24\/presentamos-el-proyecto\/embed\/#?secret=QIMFzI6NVV\" width=\"600\" height=\"338\" title=\"\u00ab\u00a1Presentamos el proyecto!\u00bb \u2014 Rehabilitemos Castell&oacute;n\" data-secret=\"QIMFzI6NVV\" frameborder=\"0\" marginwidth=\"0\" marginheight=\"0\" scrolling=\"no\" class=\"wp-embedded-content\"><\/iframe><script type=\"text\/javascript\">\n\/* <![CDATA[ *\/\n\/*! This file is auto-generated *\/\n!function(d,l){\"use strict\";l.querySelector&&d.addEventListener&&\"undefined\"!=typeof URL&&(d.wp=d.wp||{},d.wp.receiveEmbedMessage||(d.wp.receiveEmbedMessage=function(e){var t=e.data;if((t||t.secret||t.message||t.value)&&!\/[^a-zA-Z0-9]\/.test(t.secret)){for(var s,r,n,a=l.querySelectorAll('iframe[data-secret=\"'+t.secret+'\"]'),o=l.querySelectorAll('blockquote[data-secret=\"'+t.secret+'\"]'),c=new RegExp(\"^https?:$\",\"i\"),i=0;i<o.length;i++)o[i].style.display=\"none\";for(i=0;i<a.length;i++)s=a[i],e.source===s.contentWindow&&(s.removeAttribute(\"style\"),\"height\"===t.message?(1e3<(r=parseInt(t.value,10))?r=1e3:~~r<200&&(r=200),s.height=r):\"link\"===t.message&&(r=new URL(s.getAttribute(\"src\")),n=new URL(t.value),c.test(n.protocol))&&n.host===r.host&&l.activeElement===s&&(d.top.location.href=t.value))}},d.addEventListener(\"message\",d.wp.receiveEmbedMessage,!1),l.addEventListener(\"DOMContentLoaded\",function(){for(var e,t,s=l.querySelectorAll(\"iframe.wp-embedded-content\"),r=0;r<s.length;r++)(t=(e=s[r]).getAttribute(\"data-secret\"))||(t=Math.random().toString(36).substring(2,12),e.src+=\"#?secret=\"+t,e.setAttribute(\"data-secret\",t)),e.contentWindow.postMessage({message:\"ready\",secret:t},\"*\")},!1)))}(window,document);\n\/\/# sourceURL=https:\/\/rehabilitemoscastellon.es\/wp-includes\/js\/wp-embed.min.js\n\/* ]]> *\/\n<\/script>\n","thumbnail_url":"https:\/\/rehabilitemoscastellon.es\/wp-content\/uploads\/2024\/06\/4482352-1.jpg","thumbnail_width":1440,"thumbnail_height":1080,"description":"Rehabilitemos Castell\u00f3n: Construyendo una Ciudad Sostenible El pasado 10 de junio, el Ayuntamiento de Castell\u00f3n de la Plana celebr\u00f3 la reuni\u00f3n de lanzamiento del proceso de participaci\u00f3n ciudadana y vecinal del proyecto \u201cRehabilitemos Castell\u00f3n\u201d. En este evento, los presidentes y presidentas de las comunidades de vecinos de los grupos 25 de noviembre, Ramiro Ledesma, Jose [&hellip;]"}

Rehabilitemos Castellón: Construyendo una Ciudad Sostenible El pasado 10 de junio, el Ayuntamiento de Castellón de la Plana celebró la reunión de lanzamiento del proceso de participación ciudadana y vecinal del proyecto “Rehabilitemos Castellón”. En este evento, los presidentes y presidentas de las comunidades de vecinos de los grupos 25 de noviembre, Ramiro Ledesma, Jose [&hellip;]
